4. Let l be c(4). Suppose -5*q + z = 4*h - l*q, 2*h + q = -3. Calculate o(h).
9
Let q = 98 + -113. Let d(h) = h**3 + 16*h**2 + 17*h + 8. Give d(q).
-22
Let i(h) be the second derivative of h**4/12 + h**3 - 11*h**2/2 - 198*h. Give i(-8).
5
Let w(b) = -b**3 + 8*b**2 + b - 4. Suppose 8*q = 7*q + 4. Suppose -3 = -q*x + 29. Give w(x).
4
Let v(u) be the first derivative of -u**2 + u + 1. Let c = 76 - 71. Determine v(c).
-9
Let q(i) = -i - 2. Let t be q(-7). Suppose -2*h + 2 = -g, -6 = -t*h + 3*g - 0. Let r(f) = -2 + h - 1 + 2*f. What is r(4)?
5
Let k(q) = q**2 + 2*q + 1. Let t be k(-1). Let g(c) = -c**2 + 2. Let x be g(t). Let v be -2 + (x - 1 - 0). Let m(o) = 4*o**3 - o**2 - o. Determine m(v).
-4
Let o(p) be the first derivative of -p**4/4 - p**3/3 - p**2/2 + 4*p - 10. Let d(a) = -a**2 - 9*a - 8. Let v be d(-8). Suppose v*r = 2*r. Determine o(r).
4
Suppose -m - 31 = -171*f + 166*f, 5*m - 7 = -2*f. Let d(g) = -g**2 + 4*g. What is d(f)?
-12
Let d(v) = -v**3 - 9*v**2 + 3. Let i be (-126)/15 + 5 + 115/(-25). Determine d(i).
-61
Suppose 4*z = 2*i - 20, 4*z + 7 = -13. Let d(v) = i + 1 - v + 3. Let h(l) = l**3 - 5*l**2 + 5*l - 4. Let t be h(4). Calculate d(t).
4
Suppose -14*a + 9*a + 10 = 0. Let u(h) = 18*h**3 + 25*h**3 + 19*h**3 - 5*h**a - 61*h**3 + 5. Give u(5).
5
Let g(b) be the second derivative of -b**4/12 + 13*b**3/6 + 5*b**2/2 - 5*b + 45. Calculate g(12).
17
Let y be -9 + 15 - (9 + -2). Let l(t) = -31*t. Determine l(y).
31
Let x(j) = -j**2 + j + 23. Let i be x(6). Let u(p) = p**3 + 6*p**2 - 10*p + 1. What is u(i)?
22
Let x(m) = -9*m**3 - 7*m**2 - m - 1. Let j be -3 + 11 + 1 + -4. Let s(h) = 8*h**3 + 6*h**2 + h + 1. Let t(f) = j*x(f) + 6*s(f). What is t(-1)?
-2
Let j(d) = 4*d. Let q(u) = -2*u. Let x(y) = 3*j(y) + 7*q(y). Give x(4).
-8
Let x(g) be the second derivative of -g**3/6 - 4*g**2 + 54*g - 4. Calculate x(10).
-18
Let j(t) = -t - 11. Let r(f) = f**2 + 9*f - 213. Let h be r(-20). Calculate j(h).
-18
Suppose -2*o = 2*z + 14, 0*o - 5*o = -2*z + 28. Let g be (-9)/o*(-40)/12. Let q(y) = y - 4. Let v(i) = -i. Let j(b) = -q(b) - 3*v(b). Give j(g).
-6
Let o(p) = p**3 - 2*p + 2. Let d be (-1 - (-1)/(-1))*3/(-2). Suppose 8 = 5*w + x, 4*w + d*x - 1 = 1. Give o(w).
6
Let q(y) = -37*y + 188. Let u be q(5). Let w(l) = l**3 - 3*l**2 + 4*l - 3. Determine w(u).
9
Let u(f) = f**3 + 10*f**2 - 12*f - 13. Let h be (-4 + 5)*(0 + -11). Calculate u(h).
-2
Let a = 653/7620 + -3/1270. Let g(j) be the second derivative of 0*j**3 + 0*j**2 + 0 - a*j**4 + 4*j. Determine g(0).
0
Let p = 5 - 10. Let f(z) = z**2 + 8*z + 5. Let k(b) = -7*b + b**2 + 2 - 6 - 2*b**2. Let m(u) = 4*f(u) + 5*k(u). Calculate m(p).
-10
Let t(x) be the first derivative of x**3/3 + 5*x**2 + 10*x + 110. What is t(-8)?
-6
Let x = -1975 - -1972. Let t(d) = -d**3 - 5*d**2 + d + 1. What is t(x)?
-20
Let t(n) = -n**2 + 4*n + 10. Suppose 3*r + 3 = d - 0*r, -4*d - 3*r = -42. Determine t(d).
-35
Let y(n) = -n**3 + 4*n**2 + 11*n + 4. Suppose 28*x = 31*x - 18. Let j be y(x). Let d(o) = o**3 + 2*o**2 + o. Give d(j).
-2
Let v(i) = -i - 8. Let l be (5/10)/(2/(-52)). Let s be (-2)/l + 212/(-26). Let q = s + 2. Determine v(q).
-2
Let c(t) = 2*t**2 + 2*t - 1. Let n be c(2). Suppose 17 = 3*o + n. Suppose -a + 4 - 12 = -o*m, -16 = -4*m - a. Let d(z) = -z + 4. Determine d(m).
0
Let p(q) = q + 4. Let o(b) be the third derivative of -7*b**5/60 - b**4/8 - b**3/3 - 8*b**2. Let h be 3/(-18)*-3*-2. Let y be o(h). Calculate p(y).
-2
Let k = 31 - 24. Suppose -5*g = 3*m - 18 + 4, -2*g = -3*m + k. Let b(o) = -o**3 + o**2. Determine b(g).
0
Let l(m) = 3*m**3 - 3*m**2 + m + 2. Suppose 8 = -2*g, -u + 7 = 2*u - 4*g. Let s(k) = -4*k - 10. Let v be s(u). Give l(v).
16
Suppose -7*p = -9*p + 16. Suppose p*o + o - 36 = 0. Let j(d) = d**2 - 6*d + 5. Calculate j(o).
-3
Let b(y) be the third derivative of -y**5/20 - y**4/24 + y**3/3 + 497*y**2. Calculate b(-2).
-8
Suppose 0 = 11*f - 10 - 78. Let k(w) = w - 4. What is k(f)?
4
Suppose 39 + 6 = 15*d. Let s(t) = -4 - 2*t + 9*t - d*t. Give s(3).
8
Let c = 1405 - 1401. Let d(s) = s - 2. What is d(c)?
2
Let f(g) = -3*g**2 - 14*g - 10. Suppose -2*y + 15*s - 17*s = 6, 0 = y + 5*s - 5. What is f(y)?
-15
Let v(q) = -q**2 - 2*q. Suppose 12*n + 8863 - 8875 = 0. Calculate v(n).
-3
Let i be (-2)/(((-25)/5)/(-30)). Let n be 14/(-3) - i/(-9). Let u(r) be the third derivative of r**5/60 + r**4/4 + r**3/2 + r**2. Give u(n).
3
Let h = -67 - -69. Let s(t) = 5 - 7 - 6*t**h + 7*t**2. Determine s(-4).
14
Let z(v) = -18*v**2 + 28*v**2 - 11*v - 19 - 9*v**2. Determine z(12).
-7
Let z(a) = -5*a**2 + 5*a - 7. Let r(y) = 9*y**2 - 10*y + 11. Let x(j) = 4*r(j) + 7*z(j). Let o be 14/2 + 1/(-1). Determine x(o).
1
Let t(n) be the third derivative of -n**4/24 - 3*n**3/2 - 552*n**2. Calculate t(1).
-10
Suppose -4*v = 4*c + 52, 0*v - 5*c = 3*v + 43. Let b(f) = f**2 + 11*f + 4. Let i be b(v). Let n be (i*2/(-4))/(-1). Let g(u) = 4*u - 2. Calculate g(n).
6
Let y(x) = x - 1. Let q(k) = -k**3 + 18*k**2 - 16*k - 29. Let i be q(17). Give y(i).
-13
Let l(t) = -3*t + 2*t**2 - t**2 + 3*t + 7*t + 2. Give l(-8).
10
Let v be 2/(1 - 12/8). Let h be (2 - (-5)/v)*(11 + -3). Let o(s) = 2*s + 2*s + 3 - 5*s. Calculate o(h).
-3
Let w be 3 - 8/4 - -4. Let i(f) = 2*f**2 + 5*f + 2. Let u be i(-3). Let k(o) = 0 + o - o**2 + u + 4*o. What is k(w)?
5
Let g(k) = -k**2 - 8*k - 7. Let y = 37 - 27. Let p = 3 - y. Give g(p).
0
Let t(o) = -o + 5. Let u(y) = y**3 + 9*y**2 - 10*y + 19. Let x be u(-10). Let i = x + -11. What is t(i)?
-3
Let i(h) = -4 - 5 - 3*h + 2*h. Let r = 100 + -72. Suppose 7 = -5*p - r. Determine i(p).
-2
Let q(z) = 4*z**3 + 2*z**2 + 4*z. Let a(f) = -5*f**3 - 2*f**2 - 4*f + 1. Let t(n) = -3*a(n) - 4*q(n). Calculate t(-2).
5
Let u(y) = 1 - 155*y - 2*y**3 + 148*y + y**3 + 7*y**2 + 3. Calculate u(6).
-2
Let q(u) be the third derivative of -u**6/120 + u**5/6 + 7*u**4/24 + 3*u**3/2 + u**2 + 283*u. Determine q(11).
-35
Suppose 300 = 3*i + 294. Let f(v) be the first derivative of v - 1 + 3*v**i + 1/3*v**3. What is f(-6)?
1
Let a(h) be the second derivative of -h**5/20 - 5*h**4/12 - 2*h**2 + 156*h. Calculate a(-5).
-4
Suppose -5*x + 5*j + 20 = 0, -4*x + 4*j = 6*j - 34. Let n(y) be the first derivative of y**2/2 - 10*y - 283. What is n(x)?
-3
Let h(b) be the second derivative of -b**5/20 + b**4/12 + b**3/6 + 5*b**2/2 - 2*b. Suppose 1634*j = 1649*j. Determine h(j).
5
Let c(f) = 2*f - 2. Let j be c(2). Let t be (-46)/(-11) - j/11. Let x(s) = -s - t*s + 4*s. What is x(0)?
0
Suppose 80*o = 89*o - 36. Let c = 4 + o. Let n(i) = -3*i + 16. Let g(y) = -7*y + 33. Let t(p) = -2*g(p) + 5*n(p). Determine t(c).
6
Let t(n) = -2*n**2 + 10*n + 3*n**2 - 9*n - 6 - 3. Let i = 364 - 364. Determine t(i).
-9
Let r(n) = -8*n + 1. Suppose -21 - 17 = 38*i. Give r(i).
9
Let f(p) = -3*p**3 + 15*p**2 + 14*p - 13. Let o(v) = -5*v**3 + 28*v**2 + 26*v - 27. Let b(d) = 7*f(d) - 4*o(d). Give b(-5).
-3
Let d(p) = -p**3 - 13*p**2 + 13*p - 5. Let y = -12 - 2. Let q be d(y). Let m(x) = -q*x - x**2 + 816 + x - 821. Determine m(-6).
7
Let l be (-2 + -3)/((-45)/36). Let r(v) = -3*v + 4. Calculate r(l).
-8
Suppose 2*s - 6*s = 0. Let g(i) = i + 0 + i + s. Suppose 12 = -9*x + 5*x. What is g(x)?
-6
Let a(b) be the third derivative of b**6/360 - b**5/60 + b**4/24 + 5*b**2. Let p(m) be the second derivative of a(m). What is p(3)?
4
Let c(q) = -q**2 - 8*q - 9. Let p be c(-8). Let u be 2/3*p/6. Let g(d) = 11*d - 1. What is g(u)?
-12
Let r(c) = -c**2 - 5*c. Let q(p) = 2*p**3 + 3*p**2 + 5*p + 8. Let t(g) = g**3 + g**2. Let o(u) = -q(u) + 3*t(u). Let j be o(-2). What is r(j)?
-6
Let v(o) = -33*o**2 - 18*o + 2. Let t(m) = 50*m**2 + 29*m - 3. Let r(x) = 5*t(x) + 8*v(x). Determine r(2).
-53
Let t(h) be the second derivative of h**4/6 + 5*h**3/3 + 137*h. Calculate t(-5).
0
Let t = 132 + -137. Let y(u) = 3*u - 4. Let k(d) = 4*d - 4. Let g(z) = 4*k(z) - 5*y(z). Calculate g(t).
-1
Let v(s) = -s**2 - s - 2. Let k be 1/(((-6)/(-2))/12). Let z be (0/(-1) - 4) + k. Calculate v(z).
-2
Let i(f) = -f**3 - 3*f**2 - f - 2. Let x(d) = 2*d**3 + 5*d**2 + 3*d + 5. Let v(p) = 5*i(p) + 2*x(p). Let w be (3/6 + -3)*(11 + -9). What is v(w)?
-5
Let u(y) = -33*y. Let d(m) = -9*m + 1. Let t(h) = -3*d(h) + u(h). Calculate t(-2).
9
Let y(p) = 4*p + 1. Let b(x) be the first derivative of -x**3/3 + 6*x**2 - 22*x - 33. Let h be b(